ctors of 745693?
13, 19, 3019
What are the prime factors of 17317?
17317
What are the prime factors of 10625021?
11, 139, 6949
List the prime factors of 144447.
3, 89, 541
What are the prime factors of 9616?
2, 601
What are the prime factors of 1415246?
2, 7, 101089
What are the prime factors of 14852221?
14852221
What are the prime factors of 2134758?
2, 3, 17, 20929
What are the prime factors of 270092?
2, 67523
What are the prime factors of 3640313?
97, 37529
What are the prime factors of 1900841?
887, 2143
What are the prime factors of 142185?
3, 5, 9479
What are the prime factors of 156593?
156593
List the prime factors of 1605233.
7, 43, 5333
List the prime factors of 7758019.
7758019
What are the prime factors of 1839604?
2, 13, 17, 2081
What are the prime factors of 139828?
2, 13, 2689
List the prime factors of 6984640.
2, 5, 13, 23, 73
What are the prime factors of 128563?
128563
What are the prime factors of 1829462?
2, 914731
What are the prime factors of 20058402?
2, 3, 7, 13, 17, 2161
List the prime factors of 5479479.
3, 608831
What are the prime factors of 30970443?
3, 7, 23, 37, 1733
List the prime factors of 368631.
3, 37, 41
List the prime factors of 3982634.
2, 23, 86579
What are the prime factors of 9686879?
9686879
What are the prime factors of 711717?
3, 59, 4021
What are the prime factors of 4687652?
2, 179, 6547
What are the prime factors of 2255953?
7, 47, 6857
List the prime factors of 1219881.
3, 13, 31, 1009
What are the prime factors of 5871821?
181, 32441
List the prime factors of 439110.
2, 3, 5, 7, 17, 41
What are the prime factors of 215736?
2, 3, 89, 101
List the prime factors of 4830196.
2, 7, 172507
List the prime factors of 2432710.
2, 5, 7, 23, 1511
What are the prime factors of 359198?
2, 7, 25657
List the prime factors of 1172391.
3, 11, 35527
What are the prime factors of 1313463?
3, 37, 11833
What are the prime factors of 6540116?
2, 11, 148639
What are the prime factors of 669998?
2, 7, 47857
List the prime factors of 4176604.
2, 443, 2357
What are the prime factors of 328048?
2, 7, 29, 101
What are the prime factors of 130012?
2, 32503
List the prime factors of 1132750.
2, 5, 23, 197
List the prime factors of 5358615.
3, 5, 357241
List the prime factors of 54552.
2, 3, 2273
List the prime factors of 6888458.
2, 239, 14411
What are the prime factors of 2737837?
619, 4423
List the prime factors of 3614917.
3614917
List the prime factors of 16293545.
5, 19, 23, 7457
What are the prime factors of 92462?
2, 83, 557
What are the prime factors of 9327399?
3, 229, 13577
List the prime factors of 660602.
2, 557, 593
List the prime factors of 130312.
2, 7, 13, 179
What are the prime factors of 1643669?
1643669
List the prime factors of 2273443.
2273443
What are the prime factors of 141522?
2, 3, 103, 229
What are the prime factors of 3201818?
2, 1600909
List the prime factors of 56744.
2, 41, 173
List the prime factors of 1014556.
2, 253639
What are the prime factors of 9819385?
5, 1963877
List the prime factors of 887420.
2, 5, 44371
List the prime factors of 3028543.
7, 19, 3253
What are the prime factors of 180458?
2, 23, 3923
What are the prime factors of 1589258?
2, 11, 29, 47, 53
What are the prime factors of 3252869?
3252869
What are the prime factors of 2235866?
2, 1117933
List the prime factors of 1122963.
3, 374321
List the prime factors of 29485.
5, 5897
List the prime factors of 209678.
2, 7, 17, 881
List the prime factors of 403556.
2, 233, 433
What are the prime factors of 2172062?
2, 1086031
List the prime factors of 5051352.
2, 3, 23, 9151
List the prime factors of 3861531.
3, 503, 853
What are the prime factors of 5074461?
3, 7, 26849
List the prime factors of 4204762.
2, 71, 29611
What are the prime factors of 339668?
2, 7, 1733
What are the prime factors of 222167?
11, 19, 1063
List the prime factors of 6442750.
2, 5, 25771
What are the prime factors of 11053056?
2, 3, 7, 257
What are the prime factors of 61509?
3, 7, 29, 101
List the prime factors of 588426.
2, 3, 101, 971
What are the prime factors of 3374149?
1693, 1993
List the prime factors of 229837.
229837
What are the prime factors of 221301?
3, 67, 367
List the prime factors of 134084.
2, 33521
List the prime factors of 59639.
23, 2593
What are the prime factors of 7218434?
2, 89, 107, 379
What are the prime factors of 121348?
2, 23, 1319
What are the prime factors of 4142062?
2, 269, 7699
What are the prime factors of 87885?
3, 5, 7, 31
What are the prime factors of 14872157?
29, 31, 71, 233
List the prime factors of 135948.
2, 3, 11329
What are the prime factors of 4580358?
2, 3, 23, 33191
List the prime factors of 313869.
3, 104623
List the prime factors of 837836.
2, 209459
List the prime factors of 94231.
17, 23, 241
What are the prime factors of 177987?
3, 79, 751
List the prime factors of 446404.
2, 7, 107, 149
List the prime factors of 1270823.
1270823
List the prime factors of 176963.
271, 653
What are the prime factors of 70460?
2, 5, 13, 271
What are the prime factors of 192294?
2, 3, 1187
What are the prime factors of 244175?
5, 9767
What are the prime factors of 15032037?
3, 5010679
What are the prime factors of 5108018?
2, 61, 149, 281
List the prime factors of 483836.
2, 29, 43, 97
What are the prime factors of 832126?
2, 29, 14347
List the prime factors of 5975412.
2, 3, 577, 863
List the prime factors of 352547.
13, 47, 577
What are the prime factors of 8736936?
2, 3, 13, 41, 683
What are the prime factors of 19705696?
2, 43, 14321
List the prime factors of 342562.
2, 11, 23, 677
What are the prime factors of 2042535?
3, 5, 11, 12379
What are the prime factors of 1681216?
2, 109, 241
What are the prime factors of 407167?
17, 43, 557
List the prime factors of 576261.
3, 7, 3049
List the prime factors of 1062600.
2, 3, 5, 7, 11, 23
List the prime factors of 219606.
2, 3, 17, 2153
List the prime factors of 231628.
2, 79, 733
List the prime factors of 19587627.
3, 41, 109, 487
What are the prime factors of 2349912?
2, 3, 179, 547
What are the prime factors of 166856?
2, 20857
List the prime factors of 2945972.
2, 307, 2399
List the prime factors of 8905891.
227, 39233
List the prime factors of 122185.
5, 7, 3491
List the prime factors of 2534684.
2, 31, 20441
List the prime factors of 4165002.
2, 3, 71, 3259
What are the prime factors of 1944624?
2, 3, 11, 29, 127
What are the prime factors of 324572?
2, 53, 1531
List the prime factors of 6757616.
2, 19, 22229
What are the prime factors of 4572020?
2, 5, 228601
List the prime factors of 7349836.
2, 13, 281, 503
List the prime factors of 1228470.
2, 3, 5, 40949
What are the prime factors of 9506079?
3, 11, 47, 227
List the prime factors of 456123.
3, 152041
What are the prime factors of 30177?
3, 7, 479
What are the prime factors of 429413?
429413
What are the prime factors of 14809219?
373, 39703
What are the prime factors of 129812?
2, 17, 23, 83
List the prime factors of 156903.
3, 52301
List the prime factors of 2398317.
3, 229, 3491
What are the prime factors of 649554?
2, 3, 73, 1483
List the prime factors of 1633054.
2, 17, 43, 1117
What are the prime factors of 139764?
2, 3, 19, 613
List the prime factors of 35156084.
2, 8789021
What are the prime factors of 5094583?
13, 391891
List the prime factors of 673498.
2, 7, 73, 659
What are the prime factors of 3316334?
2, 7, 236881
List the prime factors of 1821163.
23, 79181
List the prime factors of 945777.
3, 7, 29, 1553
What are the prime factors of 11738935?
5, 13, 59, 3061
What are the prime factors of 775285?
5, 7, 17, 1303
What are the prime factors of 4280628?
2, 3, 11, 32429
What are the prime factors of 506728?
2, 97, 653
List the prime factors of 653196.
2, 3, 29, 1877
What are the prime factors of 104018?
2, 52009
What are the prime factors of 48950?
2, 5, 11, 89
List the prime factors of 12855743.
1097, 11719
What are the prime factors of 742589?
71, 10459
List the prime factors of 644862.
2, 3, 31, 3467
List the prime factors of 766960.
2, 5, 9587
List the prime factors of 4204229.
839, 5011
What are the prime factors of 695095?
5, 43, 53, 61
What are the prime factors of 104495?
5, 20899
List the prime factors of 2602020.
2, 3, 5, 17, 2551
What are the prime factors of 4401063?
3, 41, 11927
What ar